 w be u(4). Suppose -3*h + 5*h + 90 = w. Let z = h - -76. What is the units digit of z?
1
What is the hundreds digit of 21/56*(-1882)/(-3)*20?
7
What is the tens digit of (-268316)/(-78) - (-198)/3861?
4
Let f(b) = -6*b + 4. Let g(v) = -31*v + 27. Let a(i) = 15*i - 13. Let x(w) = -9*a(w) - 4*g(w). Let t(z) = 5*f(z) - 3*x(z). What is the units digit of t(14)?
5
Let p be 6392/72 + 4/18. Suppose -4*c - 3*k = -3*c - p, 2*c - 172 = -3*k. What is the tens digit of c?
8
Let m(h) = -34*h**3 + 10*h**2 + 22*h + 63. What is the thousands digit of m(-5)?
4
Let a(q) = 384*q - 2. What is the thousands digit of a(4)?
1
Let y = -1502 - -2196. What is the tens digit of y?
9
Let s = -155 - 76. What is the tens digit of s*48/(-36)*(-2)/(-8)?
7
What is the units digit of -2 + 1270/4 - (-3)/6?
6
Suppose -1915 + 259 = -6*m. What is the hundreds digit of m?
2
What is the tens digit of (246/(-82))/(-1 + (-2303)/(-2306))?
0
Let m be ((-28)/(-8))/((-1)/40). Let g = m + 200. What is the tens digit of g?
6
Let n = 12 - 12. What is the tens digit of 5*(n + 1205/25)?
4
Let z(o) = -2*o**3 - 32*o**2 - 37*o + 7. What is the units digit of z(-17)?
4
Let r(c) be the first derivative of -c**4/4 - c**3/3 - c + 4. Let i be r(0). Let b = i - -22. What is the tens digit of b?
2
Let g(w) = -w**3 - 2*w**2 - 2*w - 14. Let z = 19 - 24. What is the units digit of g(z)?
1
Suppose t + 4 = 8. Suppose -t*c - 33 = 15. What is the units digit of (-2)/4*c*4?
4
Suppose 2*o = 3*o - 8. Let n(j) = -22*j - 1. Let v be n(-1). Let w = v - o. What is the units digit of w?
3
Let v = -1945 + 3454. What is the hundreds digit of v?
5
Suppose 0 = -5*a + 4*j + 465, -2*a + 124 + 62 = -3*j. Suppose -4*z = -z - a. What is the units digit of z?
1
Let x be (((-54)/(-15))/3)/(12/40). Suppose 2*u - 5 = 3*j, -u = 2*u - x*j - 7. What is the units digit of u?
1
What is the thousands digit of 7 + 1 - -4 - -4875?
4
Suppose 16 = 4*f + 5*t, 2*t = -0*t. Suppose -3*d + 528 = 5*p, -p - 311 = -4*p + f*d. What is the units digit of p?
5
Suppose 8 = -4*t - 40. Let a be (-3)/6 + t/(-8). Let v = a - -8. What is the units digit of v?
9
Suppose 2*a + 64 = 4*t - 0*t, 0 = -a. Suppose 7*p - 2*p = -5*w + 180, p - 4*w = t. What is the tens digit of p?
3
Let c be 3/(-2)*(2 + -4). Suppose 2*p = -1 + c. What is the units digit of p?
1
Suppose 0 = 4*p - p + 36. Let m = 40 + -59. Let z = p - m. What is the units digit of z?
7
Let o = 1282 - -543. What is the units digit of o?
5
Suppose 23*k - 2116 = 10741. What is the tens digit of k?
5
Let k(q) = -q**2 + 7*q + 16. Let m be k(11). Let s = m + 32. What is the units digit of (s/10)/(6/390)?
6
Suppose 5*n - 287 = 3*q - 2957, 4428 = 5*q - n. What is the units digit of q?
5
Let q(k) = -2*k**2 + k + 4. Let u be q(-3). Let r = -13 - u. What is the units digit of r?
4
Let l(s) = 420*s + 123. What is the units digit of l(4)?
3
What is the tens digit of (-10 + 2)/1*2472/(-16)?
3
Let g = 1974 + -1159. What is the units digit of g?
5
Let n(s) = -25*s + 25. What is the hundreds digit of n(-7)?
2
Let x be -2 - (12/15 - 1/(-5)). Suppose 313 = -4*k - 103. What is the tens digit of x/1*k/6?
5
Let n(t) = -t**2 + 14*t - 8. Let m be n(11). What is the units digit of (m/(-2))/(4/(-8))?
5
Let i = 2192 + -834. What is the tens digit of i?
5
Suppose -v - 4*v = -5*b - 5, 3*b - 1 = -v. Let w = 5 - -59. Suppose 5*q = -u - b*u + 48, 3*u = q + w. What is the units digit of u?
3
Let x be ((-2)/(-3))/(2/6). Let w = -702 + 714. Suppose 54 = x*u - w. What is the units digit of u?
3
Suppose -6*w + 2799 = -159. What is the units digit of w?
3
Suppose -4*l + 0*v - 3*v - 1 = 0, -17 = -4*l + 3*v. Suppose -544 = -l*o - 2*o. What is the tens digit of o?
3
Suppose 0 = -6*a - 762 + 3258. What is the tens digit of a?
1
Suppose 3 - 5 = -l. Suppose -r = -l*r + 4. Suppose -r*b = -5*b + 16. What is the tens digit of b?
1
Suppose u + 3*t = -0*u - 1, -2*t - 22 = 2*u. Suppose 27 = l + 7. Let s = u + l. What is the units digit of s?
4
Let a(u) = u**3 - 6*u**2 - 3*u + 22. Let s be a(7). Suppose 2*q + m = -34 + 79, 0 = 2*q - 4*m - s. What is the units digit of q?
3
Let a = -1401 - -2047. What is the units digit of a?
6
Let q = 837 - 403. What is the hundreds digit of q?
4
Suppose -d = -2*d - 68. What is the tens digit of (-2)/((-134)/d + -2)?
6
Suppose 2*h - 618 = -4*a, -3*a + 556 - 90 = 2*h. What is the hundreds digit of a?
1
Suppose -12 = -2*j - j. Suppose 2*l + 4*q - 58 = 0, j*l + q - 97 = l. What is the units digit of l?
3
Let p(k) = k**3 + 19*k**2 - 3*k + 12. Let n be (-1*(1 + 0))/(20/380). What is the tens digit of p(n)?
6
Let a be 5 + (0 - 0) + -3. Suppose -a*w - 5*i - 3 = -4*i, -3*w - 2 = 4*i. Let x = 19 + w. What is the tens digit of x?
1
Let a(g) = g**2 - 24*g + 312. What is the thousands digit of a(73)?
3
What is the tens digit of 10 + 226840/110 - (-8)/(-44)?
7
Let n(l) = 2 - 20*l + 1 + 5. Let h be n(-6). Suppose g + g = -2*t + 64, -4*g + 5*t = -h. What is the units digit of g?
2
Let h = -129 + 68. Let k = 51 - h. What is the hundreds digit of k?
1
Let g = -76 - -137. Suppose -7*b + g = -6*b. What is the tens digit of b?
6
Suppose -57*z + 128*z = 313820. What is the tens digit of z?
2
Suppose -2*x - 4 = 0, 5*u - 3*x = 52 - 16. Suppose 26 = 5*i + u. Suppose -f = 2*m + i - 21, 0 = 4*f - m - 104. What is the tens digit of f?
2
Suppose -216*m - 76 = -220*m. What is the units digit of m?
9
Suppose 0 = -7*l - 3 + 17. Suppose 5*f - 183 = l*f. What is the units digit of f?
1
Let v(f) = 2*f**2 + 9*f + 11. Let r be v(-5). Suppose 31*z - 33*z = -r. What is the units digit of z?
8
Let s = -3287 - -6604. What is the units digit of s?
7
Let a = 1258 + 212. What is the units digit of a?
0
Suppose 5*o = 10*o. Suppose o*y + 2*y = 166. What is the tens digit of y?
8
Let d(t) = t**2 - 7. Let y be d(5). Let a be (-220)/y + (-4)/(-18). What is the units digit of (2*9)/(a/(-18))?
7
Let n = -23 - -79. What is the tens digit of 8/12 + n/6?
1
Let z(o) = 67*o - 224. What is the units digit of z(9)?
9
Suppose 0 = 2*n + 27 - 3. Let w = n - -15. What is the units digit of (-6)/8*(-1 - w)?
3
Let h = 389 - 184. Let v = 366 - h. What is the hundreds digit of v?
1
Suppose -3*t = y - 7, 3*t = 4*t - 3*y - 9. Suppose -2*v = t*x - 10, -3*x + x = v - 5. Suppose -r - 4*r + 215 = x. What is the units digit of r?
3
Suppose -5*q = -0*q - 65. Let a = 29 + q. What is the tens digit of a?
4
Suppose 9*w - 34384 - 5018 = 0. What is the thousands digit of w?
4
Let z(x) = -61*x**3 + 3*x**2 + 2*x + 10. What is the thousands digit of z(-3)?
1
Let t be 4 + (-37)/(-1) - -1. Suppose -f - 6 = -2*o + t, 3*f + 98 = 4*o. Let n = 28 - o. What is the units digit of n?
5
Suppose y - 3*y = -498. Suppose -y = -4*f - 17. What is the tens digit of f?
5
Let p = 5323 + -1515. What is the tens digit of p?
0
Let h = 1937 + -1113. What is the units digit of h?
4
Let b be 2/6 + 732/18. Let g = b - 39. Suppose 2*p - 50 = 6*a - g*a, 3*p + 3*a = 30. What is the units digit of p?
5
Let u(i) = -4*i + 102 + 0*i - 10. What is the units digit of u(0)?
2
Suppose 5*f - 4*f = 2. Let u be (-3 - -4 - f)*5. Let j(d) = d**3 + 6*d**2 - 5. What is the tens digit of j(u)?
2
Let y(j) = j**2 - 8*j - 9. Let q be y(-7). Let f = q + -36. Suppose f = 4*p - 4. What is the tens digit of p?
1
Suppose -2*o = -5*o + 87. Let r = o + -2. Suppose -4*j = -41 - r. What is the units digit of j?
7
What is the hundreds digit of 10 - ((-1664)/8 - -1)?
2
Let q = 16 - 20. Let r = q - -9. Suppose 4*c - 2*i = -3*i + 64, 55 = r*c - 5*i. What is the tens digit of c?
1
Suppose 0 = -15*r + 18*r. Suppose r*v - 1752 = -12*v. What is the hundreds digit of v?
1
Suppose -5*b + 5*r - 550 + 10795 = 0, 10261 = 5*b + 3*r. What is the tens digit of b?
5
Let l(p) = -4*p - 4. Suppose -3*c + 39 = 2*j, j + 0*c = -c + 17. Suppose 0*b - j = 3*b. What is the units digit of l(b)?
2
Suppose -d - 1 = -12. Suppose 5*x + d = 2*t, 0 = 3*t + x + 4*x + 21. What is the units digit of 18/(-2*t/8)?
6
Let w(n) = n**3 + n**2 - 2*n + 31. Let g be w(0). Let t = -27 + g. Suppose 0*f + 144 = 5*q - t*f, -40 = -q - 2*f. What is the units digit of q?
2
Let m(c) = c + 21. Suppose -2*q - 4*n - 2 = 0, -3*q + 6*n = n + 25. What is the units digit of m(q)?
6
Suppose -4*a + n = -73, -a + 4*a = -4*n + 50. What is the hundreds digit of ((-28353)/a)/(-13) + 2/(-12)?
1
Let r be 7/35 - 14